oes 11 divide 31317?
True
Does 49 divide 174?
False
Is 840 a multiple of 84?
True
Does 10 divide 4179?
False
Is 1764 a multiple of 126?
True
Is 7 a factor of 84?
True
Does 48 divide 432?
True
Is 12 a factor of 27158?
False
Does 68 divide 6924?
False
Is 210 a multiple of 35?
True
Is 2520 a multiple of 60?
True
Does 75 divide 2743?
False
Does 13 divide 593?
False
Is 420 a multiple of 10?
True
Is 4553 a multiple of 5?
False
Does 10 divide 32?
False
Is 58 a factor of 14289?
False
Does 45 divide 1866?
False
Does 9 divide 36790?
False
Is 18 a factor of 45?
False
Is 2237 a multiple of 10?
False
Is 10 a factor of 50334?
False
Does 15 divide 101082?
False
Does 32 divide 2272?
True
Is 20365 a multiple of 37?
False
Is 411 a multiple of 31?
False
Does 58 divide 4305?
False
Is 68 a factor of 3060?
True
Does 80 divide 15520?
True
Is 338 a multiple of 9?
False
Is 6 a factor of 5205?
False
Is 94 a factor of 21620?
True
Does 261 divide 29223?
False
Is 12 a factor of 86?
False
Is 58 a factor of 1218?
True
Is 13 a factor of 558?
False
Does 7 divide 130?
False
Does 4 divide 1206?
False
Is 2454 a multiple of 76?
False
Is 21232 a multiple of 84?
False
Is 886 a multiple of 11?
False
Is 23981 a multiple of 12?
False
Does 6 divide 13584?
True
Is 80 a factor of 800?
True
Does 145 divide 44515?
True
Does 4 divide 168?
True
Is 13 a factor of 99907?
False
Does 11 divide 802?
False
Does 79 divide 1906?
False
Is 960 a multiple of 40?
True
Is 89 a factor of 24059?
False
Does 24 divide 7882?
False
Does 37 divide 9659?
False
Is 72 a factor of 25632?
True
Does 15 divide 30?
True
Is 25112 a multiple of 43?
True
Is 169 a multiple of 3?
False
Is 128 a factor of 71168?
True
Is 69 a factor of 1311?
True
Is 6 a factor of 22806?
True
Does 16 divide 644?
False
Is 2296 a multiple of 73?
False
Does 3 divide 2575?
False
Is 3 a factor of 179?
False
Is 2418 a multiple of 6?
True
Is 1330 a multiple of 35?
True
Is 11 a factor of 488?
False
Is 25234 a multiple of 76?
False
Is 24683 a multiple of 14?
False
Is 45 a factor of 495?
True
Does 12 divide 149?
False
Does 112 divide 24752?
True
Does 22 divide 1870?
True
Is 36 a factor of 79?
False
Is 102 a factor of 5420?
False
Does 47 divide 4403?
False
Is 21717 a multiple of 127?
True
Does 44 divide 18568?
True
Is 34 a factor of 2244?
True
Does 108 divide 69660?
True
Is 12 a factor of 208?
False
Is 9592 a multiple of 8?
True
Is 3383 a multiple of 7?
False
Does 16 divide 22976?
True
Is 18 a factor of 43106?
False
Is 66729 a multiple of 23?
False
Does 17 divide 4406?
False
Does 13 divide 45227?
True
Is 410 a multiple of 2?
True
Does 34 divide 2584?
True
Is 20 a multiple of 6?
False
Is 48 a factor of 384?
True
Is 43190 a multiple of 32?
False
Is 74 a factor of 5994?
True
Does 7 divide 4426?
False
Is 116 a factor of 5104?
True
Is 980 a multiple of 14?
True
Is 122 a multiple of 62?
False
Does 30 divide 177?
False
Does 17 divide 255?
True
Is 2163 a multiple of 17?
False
Is 5 a factor of 200?
True
Does 22 divide 1584?
True
Is 55510 a multiple of 13?
True
Does 93 divide 5115?
True
Does 44 divide 1547?
False
Does 12 divide 1584?
True
Is 111 a factor of 87579?
True
Does 30 divide 266?
False
Is 1090 a multiple of 38?
False
Is 15 a factor of 4494?
False
Is 4234 a multiple of 29?
True
Is 12357 a multiple of 10?
False
Is 25 a factor of 10702?
False
Is 218 a multiple of 12?
False
Does 21 divide 949?
False
Is 817 a multiple of 43?
True
Is 11346 a multiple of 36?
False
Does 24 divide 162?
False
Is 33 a factor of 19324?
False
Does 143 divide 4147?
True
Does 9 divide 4995?
True
Is 662 a multiple of 16?
False
Does 20 divide 12407?
False
Is 8 a factor of 14896?
True
Is 733 a multiple of 2?
False
Does 3 divide 884?
False
Does 25 divide 5619?
False
Is 8 a factor of 224?
True
Does 132 divide 49896?
True
Does 90 divide 56700?
True
Is 136798 a multiple of 58?
False
Does 19 divide 1197?
True
Is 8360 a multiple of 5?
True
Is 8 a factor of 72?
True
Is 11450 a multiple of 7?
False
Is 11 a factor of 410?
False
Does 19 divide 18791?
True
Does 11 divide 803?
True
Is 6466 a multiple of 28?
False
Is 7434 a multiple of 118?
True
Is 3 a factor of 342?
True
Is 50 a factor of 2483?
False
Is 198 a multiple of 33?
True
Does 58 divide 58464?
True
Is 46655 a multiple of 301?
True
Does 38 divide 4792?
False
Is 4329 a multiple of 13?
True
Does 7 divide 3573?
False
Is 62792 a multiple of 274?
False
Is 13 a factor of 546?
True
Does 290 divide 3084?
False
Is 19 a factor of 39649?
False
Is 3 a factor of 9?
True
Does 14 divide 23966?
False
Does 45 divide 825?
False
Is 4 a factor of 361?
False
Is 77 a factor of 7028?
False
Does 6 divide 4479?
False
Is 52 a multiple of 13?
True
Is 15 a factor of 294?
False
Is 140 a factor of 15627?
False
Does 23 divide 690?
True
Does 21 divide 693?
True
Does 5 divide 295?
True
Is 3 a factor of 270?
True
Does 29 divide 9019?
True
Does 13 divide 625?
False
Does 15 divide 5597?
False
Does 7 divide 77?
True
Does 33 divide 7026?
False
Is 1863 a multiple of 22?
False
Does 3 divide 3601?
False
Does 6 divide 2966?
False
Does 7 divide 1648?
False
Is 17 a factor of 1182?
False
Does 171 divide 26978?
False
Is 936 a multiple of 26?
True
Does 81 divide 20507?
False
Is 32 a multiple of 16?
True
Does 13 divide 54908?
False
Is 12 a factor of 64992?
True
Does 8 divide 8144?
True
Does 17 divide 3599?
False
Is 30 a factor of 32760?
True
Does 110 divide 10560?
True
Does 15 divide 120?
True
Does 10 divide 10600?
True
Is 14 a factor of 76225?
False
Does 105 divide 31418?
False
Is 14 a factor of 6583?
False
Does 58 divide 2552?
True
Is 14904 a multiple of 18?
True
Is 8 a factor of 722?
False
Is 1260 a multiple of 90?
True
Is 856 a multiple of 20?
False
Is 19 a factor of 209?
True
Is 3507 a multiple of 7?
True
Is 4 a factor of 168?
True
Does 53 divide 4218?
False
Is 238 a factor of 24457?
False
Is 42343 a multiple of 166?
False
Does 41 divide 1812?
False
Is 54042 a multiple of 16?
False
Is 38280 a multiple of 44?
True
Is 9858 a multiple of 138?
False
Is 228 a factor of 130568?
False
Does 55 divide 12870?
True
Is 45 a factor of 3960?
True
Does 111 divide 1078?
False
Is 7 a factor of 826?
True
Is 1484 a multiple of 14?
True
Does 14 divide 23644?
False
Is 8678 a multiple of 83?
False
Is 74 a factor of 3253?
False
Is 28739 a multiple of 62?
False
Is 17385 a multiple of 61?
True
Is 12 a factor of 10044?
True
Is 1530 a multiple of 10?
True
Does 45 divide 3960?
True
Is 12 a factor of 46392?
True
Is 24884 a multiple of 3?
False
Is 2 a factor of 20?
True
Does 13 divide 5952?
False
Is 4487 a multiple of 23?
False
Is 46 a factor of 46158?
False
Is 203 a factor of 13063?
False
Is 122 a factor of 6100?
True
Does 13 divide 767?
True
Is 12 a factor of 132?
True
Does 7 divide 1330?
True
Is 3583 a multiple of 14?
False
Does 20 divide 660?
True
Does 29 divide 50326?
False
Is 20 a factor of 1060?
True
Does 53 divide 4565?
False
Does 12 divide 157?
False
Does 17 divide 2679?
False
Is 92 a factor of 17746?
False
Is 944 a multiple of 16?
True
Is 9 a factor of 945?
True
Is 12661 a multiple of 18?
False
Is 370 even?
True
Is 8 a factor of 1832?
True
Does 20 divide 3865?
False
Is 10192 a multiple of 52?
True
Is 2448 a multiple of 48?
True
Is 2266 a multiple of 11?
True
Is 7 a factor of 1908?
False
Is 3133 a multiple of 20?
False
Is 9 a factor of 2844?
True
Is 3991 a multiple of 27?
False
Is 9 a factor of 296?
False
Is 13 a factor of 4726?
False
Does 29 divide 462?
False
Is 23728 a multiple of 25?
False
Is 246 a factor of 15960?
False
Is 5240 a multiple of 10?
True
Is 15 a factor of 705?
True
Does 5 divide 722?
False
Does 28 divide 6667?
False
Is 2628 a multiple of 36?
True
Does 36 divide 1008?
True
Does 16 divide 1216?
True
Does 63 divide 10003?
False
Does 100 divide 20753?
False
Is 2431 a multiple of 17?
True
Is 1536 a multiple of 24?
True
Does 17 divide 1190?
True
Is 78 a factor of 20904?
True
Is 1462 a multiple of 17?
True
Does 27 divide 690?
False
Is 24 a factor of 48?
True
Is 42 a multiple of 14?
True
Is 3741 a multiple of 18?
False
Does 5 divide 3330?
True
Does 50 divide 798?
False
Does 5 divide 30540?
True
Is 33019 a multiple of 24?
False
Is 71097 a multiple of 39?
True
Is 23 a factor of 2868?
False
Is 4139 a multiple of 101?
False
Is 67491 a multiple of 66?
False
Does 6 divide 36?
True
Is 5 a factor of 7